**2 + 11*y + 39. What are the prime factors of g(-6)?
3, 5, 7
What are the prime factors of ((-4)/1)/(16/24) + (3 - -9015)?
2, 3, 751
Suppose q - 5*o = 40, 0 = 3*q + 3*o - 53 - 85. Let u = q - 5. Let l = 67 - u. List the prime factors of l.
3
Let u(r) = -70*r + 3*r**3 + 4 + 75*r - 4*r**2 + r**2. Let l be u(3). Suppose -6*t + 281 + l = 0. What are the prime factors of t?
59
Let f(o) = 33*o**2 - o + 3. Let w = -137 + 142. What are the prime factors of f(w)?
823
Suppose 4*i - 3264 = 4*l, 10*l - 8*l = -4*i + 3294. What are the prime factors of i + -17 + 8 + 1?
3, 271
Let o = 4183 + 5489. What are the prime factors of 1/(-4) + o/32?
2, 151
Let d(a) = 1864*a + 4923. List the prime factors of d(10).
23563
Suppose -32*r + 13152 = -29*r - 3*s, -3*r + 2*s + 13150 = 0. What are the prime factors of r?
2, 7, 313
Let l(g) = g**2 - 9*g + 14. Let f be (-55)/(-5) - (1 + 3). Let v be l(f). Let d(b) = b**3 - b**2 + 90. What are the prime factors of d(v)?
2, 3, 5
Let z = 466 - 464. Suppose -5*a = -z*w + 1553, w = 2*a + 659 + 120. List the prime factors of w.
3, 263
Let h = -238 - -105. Let t = h - -615. What are the prime factors of t?
2, 241
What are the prime factors of (4/28)/((-3)/(-288309))?
13729
Suppose 7922 = -y + 6*y + 2*s, 2*s = 2*y - 3180. Suppose 481 = -5*q + y. What are the prime factors of q?
13, 17
Let y = -42497 + 78484. List the prime factors of y.
7, 53, 97
Suppose -204*a + 1660868 = 8*a - 2388332. What are the prime factors of a?
2, 5, 191
Let l(y) = -8*y + 1. Suppose 0 = -4*b - 2*u - u + 118, 4*b + 4*u - 116 = 0. Let a = 29 - b. What are the prime factors of l(a)?
17
List the prime factors of 5 + (487712/(-20))/((-30)/75).
3, 20323
What are the prime factors of (-59 - -70) + 59*129?
2, 37, 103
Suppose -4*r + 53*r = 639695. What are the prime factors of r?
5, 7, 373
List the prime factors of 155945448/5025 + ((-2)/(-25))/1.
2, 59, 263
Let z = 70 - 0. Let a = z - -116. Let w = a + -131. List the prime factors of w.
5, 11
Let o = 18022 - 7647. What are the prime factors of o?
5, 83
Let b be 5/(-20) - 7*9/(-12). Suppose b*p + 435 = 5*n, 0*n - 5*p = n - 81. Let k = n + 122. What are the prime factors of k?
2, 13
Suppose -58787 = -94*k - 16*k + 7213. List the prime factors of k.
2, 3, 5
Suppose 8*l = -3*h + 12*l + 3204, 0 = -5*h + 3*l + 5340. Let r = h + -572. What are the prime factors of r?
2, 31
Let s = -67138 - -113931. What are the prime factors of s?
73, 641
Let g be 130/30 - 2/(-3). Suppose -1280 = -g*d - 5*u, -4*d - 4*u = -2*u - 1034. What are the prime factors of d?
3, 29
Let i(s) = 3*s**2 - 5*s + 2. Let m be i(3). Let x(y) = 48*y + 134. What are the prime factors of x(m)?
2, 13, 31
Suppose -s + 42939 = t, 0 = 2*t - 24*s + 21*s - 85843. List the prime factors of t.
2, 10733
Let p be (3/(-6))/((-7)/(-27174)). Let n = 3188 + p. List the prime factors of n.
29, 43
Let v = 56 - 54. Suppose 3*h - 1025 = v*h. Suppose -820 = -4*n - 3*r - 0*r, -5*r + h = 5*n. What are the prime factors of n?
5, 41
Let f = -7508 + 13660. What are the prime factors of f?
2, 769
Suppose 146*c - 1706596 - 917462 = 0. List the prime factors of c.
3, 1997
Suppose 30*n = -118 + 358. Suppose -n*k + 1500 = -1716. List the prime factors of k.
2, 3, 67
Let k(g) = g - 14. Suppose 4*m + 28 = 6*m. Let f be k(m). Suppose f = 4*q - 5*q + 40. List the prime factors of q.
2, 5
Suppose -11*d - 5271 = -4*d. What are the prime factors of d/(-18) + 215/(-258)?
41
Suppose 0 = -68*h + 426627 + 35909. What are the prime factors of h?
2, 19, 179
Let s(d) = 9*d**2 + 10*d + 13. Let i be s(-6). Suppose 16*h + i - 2261 = 0. List the prime factors of h.
2, 31
Let r be -1*(-3 + -1 + 2). Suppose 2*k + 3*u + 9 = 0, -8 + 2 = 4*k + r*u. Suppose -2*a + 118 = o, -2*a = -o - k*a + 110. List the prime factors of o.
2, 3, 19
Let m(q) = -31*q + 38 - 17*q**2 - 81 + 31 - q**2 - 2*q**3. List the prime factors of m(-9).
3, 89
Suppose -k + 632*f + 17988 = 630*f, -71937 = -4*k + 3*f. List the prime factors of k.
2, 3, 37
Let k(v) = -11*v**3 + 4*v**2 + 25*v + 15. List the prime factors of k(-4).
683
Suppose -k + 3*k = 4. Let h(w) = -w + 7. Let f be h(k). Suppose -4*t - 4*b + 576 = 0, -f*t + 142 = 2*b - 563. List the prime factors of t.
139
Let q = 3960 - -701. List the prime factors of q.
59, 79
Suppose 0 = -i + 28 - 21. Suppose 0 = i*u - 21 - 0. Suppose 0 = -u*d + d + 394. List the prime factors of d.
197
Let y(n) = -1014*n - 3521. What are the prime factors of y(-36)?
32983
Let m(b) = -3*b - 22. Let h = -10 + 1. Let j be m(h). Suppose 3*q = j - 2, 0 = 3*o + 5*q - 35. List the prime factors of o.
2, 5
Let x(k) = 161*k - 60. Suppose -183 + 174 = -3*b. What are the prime factors of x(b)?
3, 47
Suppose 2936 = 8*q - 3861 - 2859. What are the prime factors of q?
17, 71
What are the prime factors of 3*(-7 + 7 + 1607)?
3, 1607
Let m(p) = p**2 + 10*p + 10. Let s be m(-10). Suppose 6*w = s*w. Suppose 5*o + 137 = y + 18, 2*y + 3*o - 186 = w. List the prime factors of y.
3, 11
Let h(f) = -66*f + 25. Let o(r) = 132*r - 51. Let t(s) = -11*h(s) - 6*o(s). List the prime factors of t(-10).
691
Suppose -3*s = 5*t - 7, 0 = -3*t - 2*s + 5*s + 9. Suppose -t*b = 4*n - 1663 - 1957, 3*b - 915 = -n. What are the prime factors of n?
3, 7, 43
Suppose 987 = 182*x - 179*x. Let c = 534 - x. What are the prime factors of c?
5, 41
Let c be -1151*((-4)/6)/((-8)/(-12)). Suppose -4*x = 4, -4*m + c = -m - 2*x. List the prime factors of m.
383
Let v(y) = 34*y - 174. Let m be v(5). What are the prime factors of (-1)/m + ((-113625)/60)/(-5)?
379
Let g(d) = d - 3. Let s be g(2). Let q be 4*(-6)/(-8) - s. Suppose q*n + 120 = 7*n. List the prime factors of n.
2, 5
Let o(r) = -r**3 + 6*r**2 + 8*r - 20. Let g be o(7). List the prime factors of (g + 9 - -361) + (-2)/(-1).
359
Let f(p) = 7*p**2 + 2*p - 3. Let n be f(-4). Let k = 119 + -64. Let h = n - k. List the prime factors of h.
2, 23
Suppose -115 = 3*k - 172. Suppose s - 2*c - 65 = c, -4*s + c = -205. Suppose k = v - s. List the prime factors of v.
3, 23
Let a(h) be the third derivative of h**6/120 - h**5/10 + 7*h**4/12 - 41*h**3/6 - 60*h**2 - 2. List the prime factors of a(9).
2, 41
List the prime factors of 353136/7 + (-48 - -63).
3, 7, 89
Let k(d) = -5*d**3 - 352*d**2 - 18*d + 229. What are the prime factors of k(-72)?
19, 31, 73
Let y(d) = 2*d**2 + 37*d + 26. Let j be y(-18). Suppose 4*p - 1978 = -5*f, j*p - 7*p + f = 494. List the prime factors of p.
2, 3, 41
Let r(o) = -o**3 + 9*o**2 + o - 7. Let u(j) = -3*j + 18. Suppose 4*w + 2*g - 16 = 0, w - 3*g + 3 = -0*w. Let q be u(w). List the prime factors of r(q).
2
Let d(o) be the third derivative of -51*o**5/20 + o**4/6 - o**3/2 + 4*o**2. Let v be d(1). Let i = v - -292. What are the prime factors of i?
2, 5, 7
Let o(w) = -18*w**3 + 14*w - 12. Let v be o(-5). Suppose 0 = p - 5*p + v. List the prime factors of p.
2, 271
Let b(d) = d**3 - 4*d**2 - d + 6. Let w be b(4). Suppose -w*s = -4*s + 8, 5*s = -f + 320. List the prime factors of f.
2, 3, 5
Let p be (-70 + 5)*9646/(-35). Suppose p = 20*g + 2874. List the prime factors of g.
2, 47
Let p = -51 - -51. List the prime factors of (-1 - -25)*(185/15 - p).
2, 37
What are the prime factors of (-1 + 3)/(-2)*(-28)/(-28) - -4462?
3, 1487
Let t = -198 - -206. Suppose 2*h = 6*h + t, -2*h + 151 = 5*j. List the prime factors of j.
31
Let p = -209 - -212. Suppose 5*y - 1094 = 3*z, -3*z + 562 = p*y - 104. List the prime factors of y.
2, 5, 11
Let r be (20072/(-312))/(((-1)/(-1))/(-3)). Suppose -r - 1217 = -2*u. List the prime factors of u.
3, 5, 47
Let y = -131 - -134. Suppose -y*r = -2*h - 783 - 821, -4*r - 4*h + 2152 = 0. What are the prime factors of r?
2, 67
Suppose -2*y - 1 + 42 = 3*b, 0 = 3*b + 3. Let v be ((-77)/y)/(2/(-88)). Suppose -7*x + 63 + v = 0. What are the prime factors of x?
31
Suppose 14*j - 10*j = -4812. Let z = -799 - j. What are the prime factors of z?
2, 101
Let w = 1487 + 14962. What are the prime factors of w?
3, 5483
Let m(h) = h**3 + 6*h**2 + 7*h + 2. Suppose 2*k - 5 = -15. Let j be m(k). What are the prime factors of (-6)/24 + (-986)/j?
3, 41
Let j(k) = 2*k - 75. Let a be j(-17). Let h = a + 146. What are the prime factors of h?
37
Let x(o) = -14466*o + 141. List the prime factors of x(-1).
3, 541
Let s be 1762/6 - 3/(-9). Suppose 9*b - 4*b = -j + s, -5*b = -5*j + 1350. What are the